(v) = -2*v**2 + 5*v + 3. Suppose 7 = t + 3. Calculate h(t).
-9
Let r be (-1 - -2)*(3 - 1). Let n(w) be the first derivative of -w**3/3 + w**2 - 2*w + 2. Calculate n(r).
-2
Let m(v) = -v - 4. Let k be m(7). Let t = k + 15. Suppose 3*z - 2*p = -10, 0 = t*z - 2*p + 14 - 2. Let y(a) = -a**3 - a + 2. What is y(z)?
12
Let l be 0/6*(-3)/(-3). Let w(o) = 2 - 2 + o - 2*o. Calculate w(l).
0
Let p(k) = -k**2 + k**3 + k**2 - 4*k**2 + 1. Suppose -2*h = -4 - 2. Let b be (0 + 1)/(h/12). What is p(b)?
1
Let j(r) = -3*r - 5. Let o(z) = z**3 - 8*z**2 - 2*z + 12. Suppose 5*v + 23 = 63. Let s be o(v). Give j(s).
7
Let o = 1 + 2. Suppose -o*t + 0*t + 2*r = 15, 0 = 4*t + 5*r + 20. Let d = -3 - t. Let s(n) = -2*n**2 + 3*n - 2. Give s(d).
-4
Let h(l) = -7*l**2 + 4*l + 3. Let t(x) = 4*x**2 - 2*x - 1. Suppose -21 = 5*a - 2*b, 4*b = -2*a - a + 3. Let c(y) = a*h(y) - 5*t(y). What is c(4)?
4
Suppose 4*r - 6*r + 3*v + 19 = 0, 3*r + 3*v = -9. Let d(j) = -j**3 - j**2 + 3*j - 1. What is d(r)?
-7
Let n(m) = 4*m + 2. Let z(c) = -6 - 10 + c + 6. Let u be z(8). Determine n(u).
-6
Let i be (15/(-10))/(2/12). Let p = i - -7. Let z be -4 - (p + (-6)/(-2)). Let m(k) = k**3 + 6*k**2 + 6*k + 2. Determine m(z).
-3
Suppose -x = -5*x - q + 18, 5*x + q = 22. Let w(v) = v**3 - 3*v**2 - v - 3. Give w(x).
9
Let m(g) = 2 + g + 2*g**2 + g**2 - 2*g**2. Suppose 2*r = -2*h - 6, 0*h = 3*r - h + 5. Let b be m(r). Let c(v) = v**3 - 4*v**2 + v - 2. What is c(b)?
2
Let y(p) = -p**3 + 4*p**2 + 2. Let m be (-40)/(-12)*(-48)/(-40). Give y(m).
2
Let h(c) be the first derivative of -c**3/3 + 5*c**2 - c - 41. Determine h(10).
-1
Let x(b) = b**2 - 9*b + 8. Let j(f) = -f**2 - 11*f + 6. Let d be j(-11). Calculate x(d).
-10
Let j(h) be the second derivative of -h**3/6 - h**2 - 35*h. What is j(-2)?
0
Let k(t) be the second derivative of -t**4/12 - t**3 - 3*t**2/2 + 11*t. Let x = -2 - 2. Determine k(x).
5
Suppose p - 2 + 1 = 0. Let h(y) = 0 + p + 2*y + y. Suppose 1 = -36*j + 37*j. Determine h(j).
4
Let c(p) = 5*p**3 - 8*p**2 - 3*p + 1. Let j(r) = -4*r**3 + 7*r**2 + 3*r - 1. Let x(d) = 3*c(d) + 4*j(d). Give x(4).
11
Let n(a) = -a**2 + 6*a - 1. Suppose -5*z = 5*q - 45, 3*q - 17 = 5*q - 5*z. Determine n(q).
7
Let m = 106 - 76. Let f be (-50)/m - (-2)/(-6). Let l be (f/4)/(-1)*0. Let i(k) = k - 11. Calculate i(l).
-11
Suppose -d - 2*d = -3. Suppose 0 = 4*o + 5*k - 53, -2*k - d = -11. Suppose -3*x - o = -1. Let y(g) = -2*g**2 - g - 2. Calculate y(x).
-8
Let r(v) = v - 1. Suppose -5*b + 18 - 3 = 0. Suppose -t - 1 = -b. Calculate r(t).
1
Suppose n + b = 2, 3*n = -4*b + 3*b + 6. Let l(h) = -5*h + 2 - n - h**2. Let m be (-18)/3 + 2/1. Determine l(m).
4
Let c(m) = m**3 + 10*m**2 + 13*m + 31. Let a be c(-9). Let b(q) = 0 - 6*q - q**2 + 0*q + 2. Determine b(a).
7
Let m(f) = -f**2 + 3*f - 1. Let x = 6 + -9. Determine m(x).
-19
Let k(q) = q**2 - q. Let t(v) = v**3 + 2*v**2 + 7*v + 2. Let u(z) = -3*k(z) - t(z). Determine u(-3).
-8
Let v(n) = -n + 1. Let c be v(2). Let s = 6 + -4. Let j(y) = -1 + 0*y**s + 3*y - 5*y + 5*y**2. Give j(c).
6
Let m = 68 - 75. Let z(h) = -2*h + 8. Determine z(m).
22
Let a = 48 - 44. Let w(s) = s**3 - 5*s**2 + s + 3. Determine w(a).
-9
Let u(s) = -s**3 - 4*s**2 - 3*s + 3. Let z be u(-3). Let t be 2 - 0 - (5 + z). Let a(g) = -g**2 - 7*g - 8. Calculate a(t).
-2
Let r(t) be the second derivative of -t**3/3 - 3*t**2/2 - 2*t. Let x(k) be the third derivative of -k**5/15 - k**4/24 - 2*k**2. Let h be x(-1). What is r(h)?
3
Suppose -5*y = 2*k + 21, 3*y - k - 4*k - 6 = 0. Let o(i) = i**3 + 2*i**2 - 4*i. Let a be o(y). Let t(q) = -q - 3. Give t(a).
-6
Let b(x) = -2*x + 7. Let y = 0 + 7. Give b(y).
-7
Let t(m) = -m**3 + 7*m**2 + 2*m - 4. Suppose 5*y + 39 - 92 = -4*w, 0 = -w - 2*y + 17. Give t(w).
10
Let r(h) = 1 - 3 + 3*h - 3 + 4. Give r(-2).
-7
Let d(x) = 6 + 5*x + 4 - 7*x - 2. Give d(7).
-6
Let j(r) = 4*r**2 + 2*r - 1. Let w(a) = a**3 - 5*a**2 - 3*a + 1. Let z be 4/6 + 7/3. Let m(i) = z*j(i) + 2*w(i). Let f be 0 - 1 - (-19 - -20). Calculate m(f).
-9
Let r(m) = -m**2 - 3*m - 3. Suppose 5*y - y - 4*v = -12, -5*y - 4*v = 24. Calculate r(y).
-7
Let m(l) be the first derivative of 8*l**3/3 - l**2/2 - l - 1. Let g = 42 - 43. Determine m(g).
8
Let s(k) be the second derivative of -k**3/3 - 3*k**2/2 - 42*k. Let d be -2 + (-1 - 0/(-2)). Calculate s(d).
3
Let r(d) = 3*d + 2. Let j be -5 + (-1 - -3) + 0. Give r(j).
-7
Let h(z) = -3*z**2 - z - 1. Let j be h(-1). Let q(k) = -k - 2. Let a be q(j). Let u(o) = 6*o**2 - o. What is u(a)?
5
Let r(h) = 21 - 7*h**2 - 4*h**3 - 25 + h**3 - 2*h + 2*h**3. What is r(-7)?
10
Let w(i) = -i**2 - 2*i - 1. Let b = 1 + -4. Give w(b).
-4
Let j(n) = -2*n**2 + 2*n + 3. Suppose -2*w - 6*w - 16 = 0. Calculate j(w).
-9
Let h(c) be the second derivative of -c**5/20 + c**4/4 - c**3/6 - c**2/2 + c. Let k = 6 + -3. Suppose 2*s + k - 9 = 0. Determine h(s).
-4
Let h(y) = y**3 + 2*y**2. Let k be 2/(-10) + (-4)/(-20). Suppose 2 = -k*d - d. Calculate h(d).
0
Let b(f) = f**3 + f**2 + 3*f + 3. Let s(u) = 2*u + 32. Let h be s(-17). Determine b(h).
-7
Suppose 0 = 3*b - 7*m + 2*m + 4, 0 = -5*b + 2*m + 6. Suppose -9*f = -0*f - 36. Suppose 2*d + 4 = -b*c, 0*d = -4*c + f*d. Let k(g) = 3*g + 1. Determine k(c).
-2
Let c = 201 + -200. Let o be 4/(-18) + (-122)/18. Let g(s) = -6*s**3 + 2*s**2 + 6*s. Let j(u) = 6*u**3 - 2*u**2 - 5*u. Let w(h) = o*j(h) - 6*g(h). What is w(c)?
-5
Suppose 0 = -4*n - 8, 4 = p + 2*n + 2. Let v(u) = -u**3 - 5*u**2 + 7*u + 6. Let l(g) = 3*g**3 + 9*g**2 - 15*g - 12. Let r(x) = -2*l(x) - 5*v(x). Determine r(p).
0
Let p(z) = 5*z. Suppose -5*t - 7*k + 50 = -2*k, -t - 20 = -5*k. Suppose 0 = t*f + 20, -6 = 3*b + 3*f - 0*f. Calculate p(b).
10
Suppose -5*h + 0*h = -5. Let w(b) = 3*b + 5 + 0*b - 4*b - h. What is w(6)?
-2
Let u be -2 + 15*1 + -1. Let k be -2 - 1/((-2)/u). Let z(n) = 2*n - k + 1 - 2. What is z(5)?
5
Let t(u) = u - 2. Let r be t(6). Suppose -r*m - m = 5. Let z(c) = -6*c - 1. Calculate z(m).
5
Let s(a) = 3 + 4 + 2 - a - 7*a**2 + a**3. Let m be s(7). Let i(g) = g + 1. What is i(m)?
3
Let y(c) = c**3 + 16*c**2 + c + 18. Let r be y(-16). Let z(m) be the third derivative of 2*m**r - 5/24*m**4 + 0 + 0*m + 1/6*m**3. What is z(1)?
-4
Let m(w) = -5 - 10 - 2*w + 0*w. Let p(g) = -g - 5. Let v(b) = 4*m(b) - 11*p(b). Let h(i) = 9*i - 14. Let a(j) = 6*h(j) - 17*v(j). Give a(-2).
-5
Let q(y) be the first derivative of -3*y**2/2 - y + 3. Let i = 2 + -3. Calculate q(i).
2
Let z(v) = -v**2 - 4*v - 4. Suppose 31*u = 32*u + 6. Let c(m) = m**3 + 2*m**2 + m - 1. Let t be c(-2). Let d = u - t. What is z(d)?
-1
Let o be ((-20)/(-6))/((-6)/9). Let l(k) = 5 - 2 - 1 - k - 3. What is l(o)?
4
Let w(a) = -3*a**3 + 10*a**2 - a + 9. Let o(n) = -n**3 + 5*n**2 + 5. Let v be -1 - 3 - (-4)/2. Let f(u) = v*w(u) + 5*o(u). Suppose 4*y + 10 = 2*y. Give f(y).
-3
Let c be 6/(-15) + (-24)/(-10). Let t(o) = -1 - o**2 + 3*o - o**3 + o - 4 - c*o**2. Calculate t(-4).
-5
Let r(t) be the first derivative of -t**4/4 + 4*t**3/3 + 3*t**2/2 + 6*t + 56. Determine r(5).
-4
Let z(x) = 2*x**2 + x. Let m be z(1). Suppose -5 = j - m. Let d(n) be the third derivative of -n**4/24 + n**3/6 - n**2. Calculate d(j).
3
Let a(j) = -j**2 + 1. Let w be (-8)/(-2) - (3 - 1). Suppose 0 = 2*d + 3*k - 14, -2*d - w*k + 4*k - 6 = 0. What is a(d)?
0
Let f(u) = u**3 - 5*u**2 - 9*u + 9. Suppose 6*k = -6 + 42. Give f(k).
-9
Let w(z) be the third derivative of -z**6/12 - z**5/30 + z**3/6 - z**2. Calculate w(1).
-11
Let k(y) be the second derivative of -y**5/20 + y**4/6 + 2*y**3/3 - 3*y**2/2 + y. Determine k(2).
5
Let l(q) = 2*q + 6. Suppose -16 = 12*p + 56. Give l(p).
-6
Let g(f) be the first derivative of -f**4/4 - 4*f**3/3 + 4*f**2 - 1. Let o(x) = -4*x**3 - 16*x**2 + 33*x. Let j(m) = 9*g(m) - 2*o(m). What is j(-5)?
-5
Let v be (-4)/18 + 560/(-72). Let x = v - -12. Let m(a) = -3 + 0*a + 2 - 2*a. Calculate m(x).
-9
Let r(n) = -n**2 - n + 2. Let s(p) = -p**3 - 9*p**2 - 8*p - 2. Let q be s(-8). What is r(q)?
0
Let k be ((-2)/3)/((-10)/45). Let v(t) = t**2 + t. Let p(a) = 4*a**2 + 7*a. Let b(q) = -2*p(q) + 10*v(q). Determine b(k).
6
Let y(r) = r**2 + 11*r - 8. Let f be y(-12). Let j be (5/(-2))/(f/8). Let z(c) = 3*c + 1. Calculate z(j).
-14
Let k(a) = 6*a + 8. Let q(s) = -11*s - 15. Let b(g) = 7*k(g) + 4*q(g). What is b(-5)?
6
Let d(u) be the first derivative of u**3